
List the prime factors of 184837475.
5, 7393499
List the prime factors of 136121969.
29, 131, 35831
List the prime factors of 29111255.
5, 5822251
List the prime factors of 1983078801.
3, 11, 607003
What are the prime factors of 469406384?
2, 1619, 18121
List the prime factors of 22836285.
3, 5, 509, 997
What are the prime factors of 399162193?
17, 23480129
List the prime factors of 41575056.
2, 3, 439, 1973
List the prime factors of 211560366.
2, 3, 35260061
What are the prime factors of 45337505?
5, 83, 107, 1021
List the prime factors of 1083708091.
107, 257, 39409
What are the prime factors of 271508191?
41, 6622151
List the prime factors of 826323983.
826323983
List the prime factors of 1203596701.
8923, 134887
What are the prime factors of 89837789?
83, 1082383
List the prime factors of 403203176.
2, 50400397
What are the prime factors of 1575263077?
19, 23, 156727
What are the prime factors of 5334282487?
139, 599, 64067
List the prime factors of 27330805.
5, 41, 133321
List the prime factors of 1544111775.
3, 5, 887, 2579
What are the prime factors of 449246648?
2, 56155831
List the prime factors of 1961686059.
3, 977, 669289
List the prime factors of 78776989.
43, 433, 4231
List the prime factors of 299759602.
2, 29, 191, 27059
List the prime factors of 119906836.
2, 7, 1373, 3119
What are the prime factors of 12579611?
11, 1143601
What are the prime factors of 505462701?
3, 3167, 53201
List the prime factors of 49067571.
3, 7, 333793
What are the prime factors of 470717039?
13, 19, 1905737
List the prime factors of 63490816.
2, 37, 6703
List the prime factors of 734918233.
7, 19, 5525701
List the prime factors of 265271710.
2, 5, 11, 829, 2909
What are the prime factors of 257707916?
2, 23, 131, 21383
What are the prime factors of 622071925?
5, 24882877
What are the prime factors of 45799350?
2, 3, 5, 305329
List the prime factors of 618895685.
5, 123779137
What are the prime factors of 28835604?
2, 3, 7, 17, 53, 127
List the prime factors of 23351544.
2, 3, 108109
List the prime factors of 126562124.
2, 13, 491, 4957
What are the prime factors of 444713886?
2, 3, 19, 1300333
What are the prime factors of 223281931?
173, 397, 3251
What are the prime factors of 13661896?
2, 1707737
What are the prime factors of 153924062?
2, 97, 193, 4111
List the prime factors of 133290013.
17, 7840589
What are the prime factors of 9250057?
17, 509, 1069
List the prime factors of 65773657.
73, 901009
List the prime factors of 23591625.
3, 5, 53, 1187
List the prime factors of 1211614623.
3, 617, 218191
What are the prime factors of 281253561?
3, 19, 1399, 3527
List the prime factors of 60545574.
2, 3, 3363643
What are the prime factors of 26461193?
11, 2405563
What are the prime factors of 272820908?
2, 71, 960637
List the prime factors of 129952415.
5, 23, 47, 24043
List the prime factors of 57403504.
2, 3587719
What are the prime factors of 35763438?
2, 3, 29, 205537
List the prime factors of 1399477721.
1399477721
What are the prime factors of 1570981168?
2, 173, 389, 1459
What are the prime factors of 4188074984?
2, 17, 30794669
List the prime factors of 252268139.
252268139
What are the prime factors of 756548864?
2, 2955269
What are the prime factors of 488465787?
3, 523, 311323
List the prime factors of 2128558111.
997, 2134963
What are the prime factors of 27285835?
5, 37, 83, 1777
List the prime factors of 21974014.
2, 257, 42751
List the prime factors of 1346788.
2, 23, 14639
List the prime factors of 28968988.
2, 7242247
What are the prime factors of 838104448?
2, 71, 92221
List the prime factors of 179362007.
11, 109, 227, 659
List the prime factors of 6082449302.
2, 31, 41, 2392781
List the prime factors of 4121708612.
2, 7, 59, 2494981
What are the prime factors of 1220214873?
3, 12907, 31513
What are the prime factors of 1399588264?
2, 313, 367, 1523
What are the prime factors of 22672437?
3, 7557479
List the prime factors of 116729058.
2, 3, 19454843
What are the prime factors of 40070276?
2, 677, 14797
What are the prime factors of 709924268?
2, 6679, 26573
What are the prime factors of 275987?
275987
What are the prime factors of 1209469962?
2, 3, 113, 1783879
What are the prime factors of 333694999?
11, 30335909
What are the prime factors of 65202019?
47, 251, 5527
What are the prime factors of 1400801815?
5, 7, 1181, 33889
List the prime factors of 4149133720.
2, 5, 79, 89, 14753
What are the prime factors of 670384818?
2, 3, 23, 1619287
List the prime factors of 1744390304.
2, 19, 2869063
What are the prime factors of 135663983?
7, 13, 1490813
What are the prime factors of 164556059?
127, 1295717
List the prime factors of 236043558.
2, 3, 1457059
List the prime factors of 76331870.
2, 5, 17, 449011
What are the prime factors of 1898259?
3, 11, 23, 41, 61
What are the prime factors of 1804665632?
2, 7, 11, 6053
What are the prime factors of 157743354?
2, 3, 29, 307, 2953
List the prime factors of 262983756.
2, 3, 7, 3130759
What are the prime factors of 92238967?
67, 1376701
List the prime factors of 173277442.
2, 13, 6664517
What are the prime factors of 277239998?
2, 7, 61, 324637
What are the prime factors of 146914901?
7, 17, 37, 61, 547
What are the prime factors of 1104566748?
2, 3, 19, 397, 12203
List the prime factors of 690549484.
2, 172637371
List the prime factors of 1147554109.
13, 6790261
List the prime factors of 1078877623.
1621, 665563
List the prime factors of 10850925.
3, 5, 149, 971
List the prime factors of 30832348.
2, 7708087
What are the prime factors of 569574779?
569574779
What are the prime factors of 144536459?
43, 53, 63421
What are the prime factors of 209538012?
2, 3, 751, 23251
What are the prime factors of 496803732?
2, 3, 181, 228731
What are the prime factors of 891607812?
2, 3, 41, 547, 3313
What are the prime factors of 133868284?
2, 11, 3042461
List the prime factors of 65404927.
7, 107, 87323
List the prime factors of 56621190.
2, 3, 5, 31, 107, 569
What are the prime factors of 3298418?
2, 173, 9533
What are the prime factors of 176489625?
3, 5, 13, 41, 883
List the prime factors of 841110835.
5, 11657, 14431
List the prime factors of 1899119623.
17, 67, 1667357
What are the prime factors of 552350952?
2, 3, 7671541
List the prime factors of 17141480.
2, 5, 139, 3083
What are the prime factors of 60700638?
2, 3, 2521, 4013
List the prime factors of 661107852.
2, 3, 6121369
List the prime factors of 1058687885.
5, 19, 11144083
What are the prime factors of 41232241?
41232241
List the prime factors of 467663037.
3, 701, 222379
What are the prime factors of 2952521099?
11, 131, 2048939
List the prime factors of 46110023.
46110023
What are the prime factors of 6073409318?
2, 19, 159826561
List the prime factors of 2455299925.
5, 13, 389, 19421
List the prime factors of 6767509.
7, 359, 2693
List the prime factors of 2721415298.
2, 7, 10211, 19037
List the prime factors of 125857673.
173, 727501
List the prime factors of 59438300.
2, 5, 233, 2551
What are the prime factors of 49846473?
3, 71, 78007
What are the prime factors of 1406747000?
2, 5, 229, 6143
List the prime factors of 480155424.
2, 3, 7, 714517
What are the prime factors of 54618722?
2, 17, 1606433
What are the prime factors of 345533208?
2, 3, 43, 113, 2963
List the prime factors of 20181757.
20181757
List the prime factors of 7599329406.
2, 3, 1723, 245029
What are the prime factors of 2262227578?
2, 13, 61, 109721
What are the prime factors of 424736563?
487, 872149
What are the prime factors of 870023781?
3, 11, 2929373
List the prime factors of 331276748.
2, 11, 7529017
What are the prime factors of 2033720585?
5, 13, 1223, 25583
What are the prime factors of 870477597?
3, 11, 109, 8963
What are the prime factors of 3557650944?
2, 3, 2316179
List the prime factors of 1049184466.
2, 11, 71, 227, 269
List the prime factors of 992945.
5, 198589
List the prime factors of 147628635.
3, 5, 7, 11, 127817
What are the prime factors of 86713597?
86713597
What are the prime factors of 49293281?
6277, 7853
What are the prime factors of 139095227?
109, 1276103
What are the prime factors of 161295862?
2, 7, 13, 886241
List the prime factors of 67868341.
397, 170953
List the prime factors of 119463666.
2, 3, 7, 406339
List the prime fact